 -546*v - 555*v + 5 + 1 + 1098*v. Determine o(5).
-9
Let o(q) be the second derivative of -q**5/20 + 11*q**4/6 - 55*q**3/3 - 31*q**2/2 + 123*q - 6. Calculate o(14).
-3
Let g(k) = 83*k**2 + 132*k**2 - 2*k**3 + 191 + 18*k - 205 - 182*k**2. What is g(17)?
3
Let d(p) = 2*p + 14. Let v be (-3)/7 + (-531)/(-63). What is d(v)?
30
Let m(r) = 2*r**2 - 8*r - 25. Suppose 6548 = 572*y + 828. Give m(y).
95
Let c(q) = -q**3 - 16 + 2 - 6 - 6*q**2 - 8473*q + 8468*q. Determine c(-5).
-20
Let t(g) be the third derivative of -17*g**7/5040 + 8*g**5/15 - 106*g**2. Let w(b) be the third derivative of t(b). What is w(-1)?
17
Let w(y) be the first derivative of y**3/3 - 5*y**2/2 - y - 2. Suppose 10*k - 267 + 197 = 0. What is w(k)?
13
Let c(o) = o**3 - 14*o**2 + 23*o - 106. Let v be c(13). Let z(w) = -12*w + 289. Let m be z(v). Let h(p) = -51*p + 1. What is h(m)?
-50
Let k = -7807 - -7810. Let p(q) = q**3 - 4*q**2 - 4*q + 3. Give p(k).
-18
Let o(h) = -h + 8 + h**3 - 3 + 2*h. Suppose 40*j + 78*j + 2*j = 0. Give o(j).
5
Let t(u) = -763*u**2 + u - 3*u - 9 - 770*u**2 - 767*u**2 + 2301*u**2. Let j be (-27)/(-6) - (-1)/2. Give t(j).
6
Suppose -46*r = -49*r + 4*h - 50, 0 = 2*r - 5*h + 38. Let i(b) = -b**3 - 14*b**2 - 2*b - 21. What is i(r)?
7
Let i(n) = -n**3 + n**2 - n + 6. Let h(s) = -s**2 + s - 1. Let u(t) = 4*h(t) + i(t). Let w = -6 + 16. Let c be 10/w*(0 + -3). What is u(c)?
-7
Let o(k) = 22*k - 41. Let h(u) = -27*u + 41. Let c(p) = -3*h(p) - 4*o(p). What is c(7)?
-8
Let o = -2714 - -2717. Let s(j) = 6*j**2 - 12*j + 15. Give s(o).
33
Let v(f) = -2*f + 1. Let u = -160 + 164. Suppose u*s + j - 6 + 27 = 0, 0 = -s + 2*j - 3. What is v(s)?
11
Let i(w) be the second derivative of w**8/6720 + w**7/420 - w**6/144 + w**5/60 - 11*w**4/6 - 20*w. Let v(a) be the third derivative of i(a). Give v(-7).
-12
Let z(i) = -i**3 - 7*i**2 + 7*i + 4. Let r be z(-7). Let d = -42 - r. Let n(f) = -11*f + d*f - 3 + 35*f**2 - 34*f**2 + 2. Give n(4).
-17
Let i(p) be the first derivative of -p**4/4 - 2*p**3 + p**2/2 + 33*p + 3176. Give i(-5).
3
Let w(s) = 2*s**2 - 8*s - 13. Let v(m) = -24*m - 329. Let b be v(-14). Determine w(b).
29
Let g(o) = -44*o - 43*o - 17 - 45*o - 48*o + 176*o. Calculate g(-6).
7
Let m be -27*-1*(-2)/(-6). Let l(v) = -9 + 3*v + m + 6*v**2. Let d = -5527 - -5525. Give l(d).
18
Let o(c) = 17 + 6*c**3 - 5*c**3 - 16238*c**2 - 3*c + 16234*c**2. Calculate o(4).
5
Let v(u) = -4*u**2 - 3*u + 1. Suppose 2*j = 2*f - 4, 291*j - 4*f - 6 = 294*j. Determine v(j).
-9
Let q(i) = 11*i + 66 - 32 - 12 - 15 + i**2. Determine q(-13).
33
Let g(y) = -y**2 + 2*y - 2. Let x(h) = -h + 2. Let r(i) = -2*g(i) - 3*x(i). Suppose -90*c = -92*c + 178. Suppose 18*v = -53 + c. Determine r(v).
4
Suppose 6 - 14 = -r. Let z(i) = -1. Let j(l) = l**2 - 3*l - 20. Let x(m) = -j(m) + 6*z(m). Let a(u) be the first derivative of x(u). Give a(r).
-13
Suppose -3*o = 2*b + 2*o + 8, -2*b - 3*o = 4. Suppose -p + 1 = -b. Let n(d) = -10*d**p + 1 + 3*d - 3 - d**3 + 5*d**2 - 4*d. Give n(-5).
3
Let t(u) = 587 - u**2 + 12*u - 1195 - 4*u + 610. Calculate t(5).
17
Let z(q) = -5*q**2 + 2*q**2 + 2*q**2. Let s = 852 + -852. Determine z(s).
0
Let x(y) = 92*y + 563. Let q(b) = 4*b - 2. Let z(c) = 3*q(c) - x(c). Calculate z(-7).
-9
Let f(i) = -i**2 - 4*i - 5. Suppose 0 = -72*r + 55*r + 4216. Let o = -253 + r. Calculate f(o).
-10
Let s = -99 + 121. Let t(y) = 12*y**2 - 8*y + 11*y**2 - s*y**2. Let d(b) = 2*b**2 - 17*b. Let n(g) = -6*d(g) + 13*t(g). Determine n(4).
8
Let r(d) = -9*d + 2. Let s = -71 - -82. Suppose 0 = 13*x + s*x + 72. Calculate r(x).
29
Let c(g) = -8*g + 12. Let x(i) be the third derivative of 7*i**4/24 - 11*i**3/6 + 99*i**2. Let z(s) = -4*c(s) - 5*x(s). Calculate z(4).
-5
Let c(b) = -b + 232. Let s(j) = -2*j + 36. Let x(u) = -c(u) + 6*s(u). Give x(6).
-82
Let w(h) = h + 7. Suppose v = 6*v - 4*g - 164, 0 = -2*v - 3*g + 84. Suppose -40*j - 20 = -v*j. Determine w(j).
2
Let c(t) be the third derivative of t**6/360 + t**5/120 - 5*t**4/4 - 24*t**2 + 3. Let q(a) be the second derivative of c(a). Calculate q(5).
11
Let h(q) = -195*q - 8*q**2 - 234*q + 32 + 738*q - 224*q. Determine h(11).
-1
Let v(z) = -1 - 16*z**2 - 8 + 2*z**2 - z - z**3 + 2*z**2. Let l = -2127 - -2115. Determine v(l).
3
Let k(h) be the second derivative of h**5/20 + h**3/6 - h. Suppose 112*a + 2289 = 105*a. Let o = a + 327. Determine k(o).
0
Let x(d) = -9*d - 192. Let j(l) = -l**3 - 64*l**2 + 191*l - 690. Let h be j(-67). Determine x(h).
-12
Let w = -2/29093 + 29117/349116. Let t(j) be the second derivative of 20*j + 0 - 2/3*j**3 + w*j**4 + 3*j**2. Give t(5).
11
Suppose -14 = -3*b + 3*j - 2, 2*j = -4*b + 4. Let i(n) = -17*n + 21 + 22*n - 24 + 2*n**b. Give i(-4).
9
Let z = -508 + 507. Let o be (2*z + 1)/(5 - 4). Let f(a) = -7*a + 2. Give f(o).
9
Let s(c) be the third derivative of -c**6/60 + 11*c**5/60 + c**4/4 + 5*c**3/6 + c**2 - 129. What is s(6)?
5
Let g(y) be the second derivative of y**4/2 - 5*y**3/6 - 13*y**2/2 + 980*y - 1. Determine g(-3).
56
Let r(y) = y**3 + 7*y**2 + 3*y + 10. Let d(a) = a**3 - 14*a**2 + 51*a - 116. Let o be d(10). Determine r(o).
28
Let o(y) = 56 - 21 + y - 13 - 20. Suppose 22*l = 20*l. Suppose -5*p + l = 45. Calculate o(p).
-7
Suppose 23*k - 246 = -39. Suppose -k*p + 10*p + 2*c - 4 = 0, 0 = -2*p + c - 7. Let i(a) = -11*a**2 - a. Calculate i(p).
-42
Let y(m) be the first derivative of 6*m - 20 - 1/2*m**2. What is y(0)?
6
Let a = 590 + -588. Suppose 11*c - 9*c + 16 = -a*b, 4*c = 5*b - 68. Let q(v) = -v**2 - 11*v + 3. Determine q(c).
-9
Let m be 7/(-10*(-12)/(-120)). Let z(c) = -c**3 - 8*c**2 - 3*c + 17. Give z(m).
-11
Let c(s) = -49*s + 4. Let r(p) = -26*p + 1. Let i(q) = -4*c(q) + 7*r(q). Determine i(-6).
-93
Let q(m) = -m + 2. Suppose -b - 23 = -5*z, 8 = -z - 4*b - 0. Suppose -5 - z = -3*a. Suppose 5*g = -a*t + 15, -8 = -g + 2*t + 8. What is q(g)?
-4
Let m(a) = 379*a + 55. Let k(w) = 455*w + 54. Let u(r) = 5*k(r) - 6*m(r). Give u(47).
-13
Suppose -122*j = 113*j - 213*j + 132. Let p(c) = -12*c - 3. Determine p(j).
69
Suppose -51 + 2 = -q. Suppose -3*h - q = -o - 258, 0 = -2*h + o + 141. Let p(r) = -h*r**2 + 34*r**2 + 32*r**2. What is p(-2)?
-8
Let q = -23 + 15. Let b(u) be the third derivative of u**4/24 + 5*u**3/3 - 85*u**2 + 5. Calculate b(q).
2
Let g(k) = k**2 + 12*k - 12. Let w(a) = -3*a**3 + 99*a**2 - 98*a + 49. Let h be w(32). Give g(h).
33
Let s(u) = 20*u**2 + 2*u + 1. Let q be (-1)/(-5) + 5096/(-280). Let k be 1/(-3) + 48/q + 2. Give s(k).
19
Let b(u) = 6*u**2 + 1. Let j(s) = -s**3 + 24*s**2 + s - 4. Let h(w) = 3*b(w) - j(w). Calculate h(6).
1
Let n(l) = l**3 + 6*l**2 - l + 1. Let i = -13 - -6. Let y = i - -23. Suppose 6*d + 20 = -y. Calculate n(d).
7
Let u(s) = -4*s**3 + 30*s**2 - 12*s + 1. Let n be u(7). Let z(b) = -1 + n*b**2 + 2 - 18*b**2 + 4*b**2. Let x be 2/7 - (-12)/(-42). Determine z(x).
1
Let s(w) = 6*w**3 + w**2 - 10*w + 11. Suppose -4*p - 2*u = 1 + 5, 2 = -3*p - u. Determine s(p).
8
Let z(y) = 4*y**2 + 138*y - 70. Let u be z(-35). Let l(d) = -3*d**2 + 3*d + 25. Calculate l(u).
25
Let f = 1482 - 1477. Let m(p) = -p**2 - p + 7. What is m(f)?
-23
Suppose 2*s = -u + 7 - 12, -5*s = -3*u - 15. Let y(c) = c**3 - 5*c - 73. What is y(s)?
-73
Let m(v) = -2*v + 15. Let s(t) = t + 3. Let a be s(1). Suppose -a*l - 3*l = -70. Give m(l).
-5
Suppose -2*h = 3*h - 10. Suppose 2*n = -c + 12, -3*c - 24*n + 20*n + 26 = 0. Let x(f) = 0*f**2 - f**3 + 2*f**c - f**h + 24 - 7. What is x(0)?
17
Let q(l) = -2*l**3 + 17*l**2 + 7*l + 28. Let i(x) = 165*x + 504. Let m be i(-3). What is q(m)?
10
Let v = 3488 + -3495. Let z(b) = -b**3 - 7*b**2 + 4*b - 3. Give z(v).
-31
Suppose -4*p - 20 = 2*o - 6*o, 5*p + o = -49. Let h(t) = t**2 - 26*t - 313. What is h(p)?
2
Let k(o) be the third derivative of -o**6/360 - 11*o**5/120 + 25*o**4/24 - 124*o**3/3 + 130*o**2. Let s(y) be the first derivative of k(y). Determine s(-13).
-1
Let f be 0 + -4 - (-42)/3. Suppose 0 = 2*w + 8, -w - f = -v - 2*v. Let p(d) = -d**3 + 5*d**2 + 2*d**2 - 7*d**2 - 1 + 2*d**2. Give p(v).
-1
Let a(p) = 63*p + 79*p - 165*p + 3 - p**2 - 35 + 4. Give a(-21).
14
Let o = -63 - -73. Let z be (-45)/25 + (-2)/o + 4. Let h(j) = j**3 - z*j**2 + 4*j**2 - 6 + 3 + 2. Determine h(-3).
-10
Let i(v) = 41 - 34*v + 14*v + 16*v. What is i(11)?
-3
Let y(l) = l**3 + 11*l**2 - 10*l + 20. Let a be y(-12). Let